*q = -10, -5*l + 20 = -q. Let j = 11 + -6. Suppose j = 5*h - 0. What is the highest common factor of h and l?
1
Let l be 664/10 - (-28)/(-70). What is the greatest common divisor of 99 and l?
33
Let g(i) = -i**3 - 4*i**2 + i - 3. Let v be (35/(-21))/((-1)/(-3)). Let c be g(v). Calculate the greatest common divisor of c and 17.
17
Let r = 16 - -16. Calculate the greatest common factor of r and 4.
4
Let m = -9 - -21. Calculate the greatest common factor of 18 and m.
6
Let k = 18 + 27. Let u(p) = 31*p + 1. Let a be u(5). Suppose a - 36 = 4*f. Calculate the greatest common divisor of f and k.
15
Let l be (-220)/(-99) - 2/9. Suppose 5*i + 15 = 0, l*i + 11 = -5*n + 75. What is the highest common divisor of 35 and n?
7
Suppose 4*k - 6 = 2. Let x(b) = -13*b + 1 + 43*b - 4 - b. Let l be x(k). Calculate the highest common factor of l and 11.
11
Let w(x) = -5*x + 9. Let d(c) = 2*c - 4. Let z(i) = 9*d(i) + 4*w(i). Let k be z(-1). Let a = 7 - -15. What is the highest common divisor of a and k?
2
Let p(w) = 2*w - 6. Let f be (-43)/(-5) - 6/10. Let c be p(f). What is the highest common factor of c and 10?
10
Suppose 0 = 3*u + 2*u - 35. Suppose 4*p - 3 - 9 = 0. Suppose -v - p*v = -168. What is the greatest common divisor of v and u?
7
Let n be ((-5)/(140/(-21)))/((-1)/(-48)). Calculate the greatest common factor of n and 360.
36
Let b = 0 + -6. Let j be (4/b)/(1/(-3)). Suppose -3*s + 3*h + 12 = -42, 3*h = 2*s - 32. Calculate the highest common factor of s and j.
2
Let x(y) = y**2 + y**2 - y**2 + 2*y**2 + 6*y. Let k be x(-4). What is the greatest common divisor of 24 and k?
24
Suppose n = -5*i + 44, i = 2*n + 4*i - 53. What is the highest common divisor of n and 95?
19
Let o = 17 - 16. Calculate the greatest common divisor of 8 and o.
1
Let m be (-1)/3 - (-7)/3. Suppose t + 10 = 5*u + 2*t, -2*u - 4*t + 4 = 0. What is the greatest common divisor of u and m?
2
Let w be 32/(-12) - (-2)/3. Let i be w - 2*-5 - -2. What is the highest common factor of 4 and i?
2
Let c(l) = -l**2 - 7*l + 2. Let a be c(-6). Let d be (a/(-12))/((-2)/78). Calculate the greatest common factor of d and 39.
13
Let x be -105*(52/(-12) + 4). What is the highest common divisor of 5 and x?
5
Suppose 4*s - 89 = 55. Suppose 3*t + 0*t = w - s, 77 = -5*t - 4*w. Let h = t - -21. Calculate the highest common factor of 1 and h.
1
Suppose -24 = -5*b + 2*u, b = -2*u + 5*u - 3. Let y(j) = -j**2 + 9*j - 9. Let d be y(b). Calculate the highest common divisor of 81 and d.
9
Suppose -44 = -19*i + 8*i. Let f be (-284)/(-14) - (-6)/(-21). Calculate the highest common factor of f and i.
4
Let m = 80 - 65. Suppose -y + r + 95 = 6*r, 0 = -5*y + 3*r + 363. What is the highest common factor of y and m?
15
Suppose 2*c - 232 = -6*c. What is the greatest common divisor of c and 116?
29
Let s(o) = 21*o - 103. Let p be s(5). Let q be ((-2)/3)/1*-15. Calculate the greatest common factor of p and q.
2
Suppose 30 = -r + 2*r. What is the highest common factor of 6 and r?
6
Let k(x) = 2 - x**2 + 0*x**2 - 6 - 6*x. Let j be k(-4). What is the highest common divisor of 36 and j?
4
Suppose -30 = -2*p + 106. Let u(k) = -k**2 + 35*k - 17. Let z be u(34). Calculate the greatest common factor of p and z.
17
Let z = 11 - -20. What is the greatest common divisor of z and 279?
31
Let u be 13/((-325)/(-30))*(-30)/(-9). Suppose 3*w + 2 = -m, -2*w = -3*w - m - 4. Let z be 2 + -1*w + 15. Calculate the greatest common divisor of u and z.
4
Let d be (-3 + -1)/1 - 1. Let w be (-42)/(-10) - (-1)/d. Suppose w*l = 0, i + l - 2 = 6*l. What is the greatest common factor of i and 14?
2
Let m(z) = -z**3 - 11*z**2 - 13*z - 6. Let s be m(-10). Calculate the highest common divisor of 3 and s.
3
Let y(a) = -24*a + 28. Let o be y(-3). Calculate the highest common factor of o and 40.
20
Suppose 0 = 2*h - 4*h + 80. Suppose 4*q = -4*z + h, 4*q - 31 = -2*z + z. What is the greatest common divisor of 1 and q?
1
Let u(k) = k - 2. Let q be u(2). Suppose q = 3*t - 250 - 74. What is the highest common divisor of t and 12?
12
Let u be 2/2 + -3 + 19. Calculate the greatest common factor of 34 and u.
17
Let j(v) = 2*v**2 + 11*v - 8. Let b be j(13). Suppose 2*i + 122 = o, 5*i + b = 5*o - o. Calculate the highest common factor of o and 16.
16
Let z be 70/8 + (-3)/(-12). Let t = -3 + 2. Let u be (-27)/((-2)/(-2)*t). Calculate the highest common factor of u and z.
9
Suppose 21*y - 18*y = 51. What is the highest common factor of y and 119?
17
Suppose -7*s + 9 = -54. What is the greatest common divisor of 6 and s?
3
Let n = -24 + 20. Let d(v) = 0*v**2 - 4*v + 2*v**2 + 2*v**2. Let g be d(n). Calculate the greatest common factor of g and 20.
20
Suppose -7*w = -2*w - 30. Let k = 4 - w. Let s be -44*(k + (-1 - -1)). What is the highest common factor of s and 11?
11
Let u = 14 + 6. What is the greatest common factor of 20 and u?
20
Suppose 40 = -3*h + 7*h. Let z(n) = 7*n - 4. Let o be z(3). Let r = o + -7. What is the highest common divisor of h and r?
10
Let m = 70 - 15. Let u(q) = -q**2 - 8*q - 1. Let w be u(-6). What is the highest common factor of w and m?
11
Suppose -305 = -12*j + 163. What is the greatest common factor of j and 52?
13
Suppose -180 - 128 = -4*b. Calculate the highest common divisor of b and 11.
11
Suppose 35 = 5*y - 2*y + 4*o, o + 43 = 5*y. Calculate the highest common divisor of y and 63.
9
Suppose 968 = 3*i - k, 266 = 3*i - 3*k - 712. Let c(d) = 141*d - 3. Let l be c(4). Let o = l - i. Calculate the greatest common factor of 24 and o.
24
Suppose -3*y = -6*y. Let o = 5 + y. Suppose 4*k = 5*s + 63, 3*s + 81 = o*k - s. What is the highest common divisor of k and 85?
17
Let o be (20/(-8))/(2/(-8)). Let d be (o/4 - 2)*10. Let a = -18 - -43. Calculate the highest common divisor of d and a.
5
Suppose 3*f - 4*j = 107, 2*f - j = 31 + 37. Let u = -11 + 22. What is the greatest common divisor of u and f?
11
Let h = 59 - -67. Suppose 18*c = 13*c + 70. What is the greatest common divisor of h and c?
14
Suppose 5*f - 25 = 85. Let t = 36 - f. What is the greatest common divisor of 21 and t?
7
Let u(t) = t**2 + t - 1. Let c be u(3). Let b(z) = z**2 + 3*z - 10. Let v be b(-9). Calculate the highest common factor of v and c.
11
Let t(c) = c**3 - 2*c**2 - 3. Let l be t(5). Let w be l - (-1 + -2 - 0). Let q(i) = 14*i**2 - i. Let j be q(-1). What is the greatest common divisor of j and w?
15
Let m be (-1)/(-5) - (-2233)/35. Let s be m/(-2)*130/(-20). What is the greatest common divisor of s and 26?
26
Let d be 1 - (-3 - 0/4). Suppose 0 = -2*a - k + 4*k + 419, -3*a = d*k - 620. What is the greatest common divisor of a and 26?
26
Suppose 0*o - o - 2 = 0. Let n(r) = -8*r - 2. Let i be n(o). Calculate the greatest common divisor of i and 35.
7
Suppose 4*g - 39 = -4*m + 25, -g - 3*m + 24 = 0. What is the greatest common factor of 4 and g?
4
Suppose -4*a + 78 = 4*w - w, 3*w + 5*a - 81 = 0. What is the highest common divisor of 55 and w?
11
Suppose -3*y - 79 = -4*p, -3*y = 16 - 1. Let i be ((-6)/(-3))/(2/(-79)). Let z = i + 143. What is the greatest common divisor of p and z?
16
Suppose p = -3*j + 3*p + 142, -4*j + 216 = 4*p. Calculate the highest common divisor of j and 125.
25
Let o be (-8)/(-44) - (9/(-11) - 0). What is the highest common divisor of o and 3?
1
Let s be 2/(-8) + 1082/8. Let f = 196 + -106. Let a = s - f. Calculate the highest common divisor of 9 and a.
9
Let j(v) = -v**3 - 8*v**2 - 5*v - 1. Let h be j(-9). What is the highest common divisor of 50 and h?
25
Let u be 3*(-2)/(-6)*6. Let h = u + -4. Let r(x) = 6*x - 2. Let v be r(h). What is the highest common divisor of v and 50?
10
Suppose 3*j - 28 = 8. Let u = j - 3. Let g = -42 + 123. What is the greatest common factor of g and u?
9
Let z(l) = -l**2 - 7*l - 4. Let u be z(-6). Suppose 2*w = -5*y + u*y + 11, 3*y = -4*w + 37. What is the highest common divisor of w and 39?
13
Suppose 0 = 16*r - 1269 - 251. What is the greatest common divisor of 38 and r?
19
Suppose -5*y - 10 = -100. Let n be (24/y)/((-4)/(-6)). Suppose -7*m + n*m + 395 = -r, 4*m = -r + 325. What is the highest common divisor of m and 32?
16
Let v(h) = -h + 3. Let t be v(0). What is the highest common divisor of 15 and t?
3
Let f(h) = -3*h - 7. Let o be f(-7). Let v(g) = 41*g + 2. Let t be v(3). Let d = t - 13. Calculate the highest common div